{"version":"1.0","type":"rich","width":"560px","height":"140px","title":"Bildung TUT mir WEH - \"Moderne Bildungsdebatten: Mehr als nur Wissen\"","url":"https:\/\/lautfunk.uber.space\/podcast\/moralisch-inkorrekt-005-bildung-tut-mir-weh\/","author_name":"LautFunk - \"Unser Podcast: Laut, un\u00fcberh\u00f6rbar und bereit, Grenzen zu \u00fcberschreiten!\"","author_url":"https:\/\/lautfunk.uber.space","thumbnail_url":"https:\/\/lautfunk.uber.space\/wp-content\/uploads\/2023\/12\/Moralisch-inkorrekt006.jpg","html":"<iframe width=\"560px\" height=\"140px\" src=\"https:\/\/lautfunk.uber.space\/podcast\/moralisch-inkorrekt-005-bildung-tut-mir-weh\/?standalonePlayer\"><\/iframe>"}

LautFunk - "Unser Podcast: Laut, unüberhörbar und bereit, Grenzen zu überschreiten!"
